{"id":164,"date":"2023-10-26T16:47:22","date_gmt":"2023-10-26T16:47:22","guid":{"rendered":"https:\/\/nachhilfe-villawissen.de\/?page_id=164"},"modified":"2024-02-01T19:51:35","modified_gmt":"2024-02-01T19:51:35","slug":"konzept","status":"publish","type":"page","link":"https:\/\/nachhilfe-villawissen.de\/?page_id=164","title":{"rendered":"Konzept"},"content":{"rendered":"<p>[vc_row][vc_column]<h2 class=\"section-title \">Nachhilfe mit p\u00e4dagogisch - psychologischer Unterst\u00fctzung<\/h1><h3 class=\"section-subtitle \">auf allen Ebenen<\/h3>[\/vc_column][\/vc_row][vc_row][vc_column][vc_column_text]<\/p>\n<p class=\"Text\">In unserer Gesellschaft wachsen die schulischen und beruflichen Anforderungen an den Einzelnen st\u00e4ndig. Gleichzeitig verschlechtern sich die Perspektiven auf eine der Qualifikation entsprechende Arbeit. Aufgrund politischer Vorentscheidungen wird immer noch zu wenig in die Bildung investiert. Die wirtschaftliche Situation in unserem Land f\u00f6rdert das gro\u00dfe Bed\u00fcrfnis vieler Eltern, ihren Kindern den best m\u00f6glichen Schulabschluss zu erm\u00f6glichen. Gleichzeitig erh\u00f6ht sich der Leistungsdruck an den Schulen durch zentrale Pr\u00fcfungen und Lernstandserhebungen allgemein. F\u00fcr den Sch\u00fcler bedeutet diese Gesamtsituation eine Zunahme des Drucks von verschiedenen Seiten in erheblichem Ma\u00dfe. Da auch Lehrer in diesem Zusammenhang \u00fcberfordert sind und durch st\u00e4ndigen Reformdruck f\u00fcr die Wiederholung und \u00dcbung neuer Lerninhalte keine Zeit bleibt, fehlt h\u00e4ufig neben der fachlichen auch die p\u00e4dagogisch angemessene Unterst\u00fctzung des Sch\u00fclers. Unabh\u00e4ngig davon brauchen viele Sch\u00fcler eine lerntherapeutische Begleitung zum Ausgleich der Lernschw\u00e4chen, die sich in vielen Schuljahren aufgebaut hat.<\/p>\n<p>[\/vc_column_text][\/vc_column][\/vc_row][vc_row overlay=&#8220;single-color&#8220; full_width=&#8220;stretch_row&#8220; parallax=&#8220;content-moving&#8220; parallax_image=&#8220;224&#8243; overlay_color=&#8220;rgba(209,209,209,0.12)&#8220;][vc_column][vc_column_text el_class=&#8220;off-white&#8220;]<\/p>\n<p style=\"text-align: center;\">Sch\u00fcler k\u00f6nnen nur so gut sein,<br \/>\nwie ihnen das System erlaubt.<br \/>\nDeshalb brauchen sie Unterst\u00fctzung,<\/p>\n<p>[\/vc_column_text][vc_column_text el_class=&#8220;off-white&#8220;]<\/p>\n<p style=\"text-align: center;\">&#8211; wenn sie pers\u00f6nliche Schw\u00e4chen haben,<br \/>\n&#8211; wenn Eltern oder Lehrer \u00fcberfordert sind<br \/>\n&#8211; und wenn Schulsysteme versagen.<\/p>\n<p>[\/vc_column_text][vc_column_text el_class=&#8220;off-white&#8220;]<\/p>\n<p style=\"text-align: center;\">damit sie lernen, wie sie ihre eigene<br \/>\nEntwicklung langfristig, eigenst\u00e4ndig<br \/>\nund nachhaltig vorantreiben k\u00f6nnen.<\/p>\n<p>[\/vc_column_text][\/vc_column][\/vc_row][vc_row][vc_column]<h2 class=\"section-title \">Lernen mit Kopf, Herz und Hand<\/h1><h3 class=\"section-subtitle \">Ganzheitlichkeit als Lernprinzip<\/h3>[\/vc_column][\/vc_row][vc_row][vc_column][vc_column_text]<\/p>\n<p class=\"Text\">Tradierte Konzepte und die reine Vermittlung von Fachwissen reichen nicht mehr aus und der Sch\u00fcler verlangt eindringlich nach neuen Perspektiven und Strategien, um den Sinn seiner Arbeit auch f\u00fcr seine pers\u00f6nliche Zukunft erkennen zu k\u00f6nnen. Deswegen ist Nachhilfe in Verbindung mit einer ganzheitlichen Unterst\u00fctzung in der heutigen Zeit oft die einzige M\u00f6glichkeit,<\/p>\n<p>[\/vc_column_text][vc_row_inner content_placement=&#8220;middle&#8220;][vc_column_inner width=&#8220;1\/4&#8243;][vc_single_image image=&#8220;143&#8243;][\/vc_column_inner][vc_column_inner width=&#8220;3\/4&#8243;][vc_column_text]<\/p>\n<ul>\n<li>das Interesse des Sch\u00fclers am Unterricht wieder herzustellen,<\/li>\n<li>das Potenzial des Sch\u00fclers zu nutzen,<\/li>\n<li>den schulischen Lernerfolg zu sichern und<\/li>\n<li>Schulkonflikte mit Freude und Leichtigkeit zu l\u00f6sen.<\/li>\n<\/ul>\n<p>[\/vc_column_text][\/vc_column_inner][\/vc_row_inner][vc_column_text]Meine langj\u00e4hrige Erfahrung mit Sch\u00fclern in unserem Schulsystem erlaubt mir, dieses Nachhilfekonzept mit gro\u00dfem Erfolg anbieten zu k\u00f6nnen. Merkmal meiner Arbeit ist ein Fachunterricht, der sich zun\u00e4chst auf die Behebung fachlicher Schw\u00e4chen konzentriert und dabei von Anfang an ein Augenmerk auf die konkreten urs\u00e4chlichen Schw\u00e4chen des Systems richtet, d. h. auf alle\u00a0 Lernbedingungen in Schule und Familie, die die Leistungsschw\u00e4che verursacht haben k\u00f6nnten. Die genaue Beobachtung und Analyse der fachlichen Defizite des Sch\u00fclers, der Schw\u00e4chen der Sch\u00fclerpers\u00f6nlichkeit, der M\u00e4ngel\u00a0 in sozialem Zusammenhang sowie die punktgenaue p\u00e4dagogisch-psychologisch geschickte Ansprache des Sch\u00fclers erm\u00f6glichen meist schon nach kurzer Zeit den sich mehr und mehr stabilisierenden Lernerfolg, vor allem aber eine Konfliktl\u00f6sung in eigener Verantwortung des Sch\u00fclers und seiner Eltern.[\/vc_column_text][\/vc_column][\/vc_row][vc_row][vc_column][vc_column_text]Pfeiler meines Konzeptes sind daher:[\/vc_column_text][vc_row_inner][vc_column_inner width=&#8220;1\/3&#8243;][vc_hoverbox image=&#8220;245&#8243; primary_title=&#8220;Beratung&#8220; primary_title_font_container=&#8220;color:%23ffffff&#8220; primary_title_use_theme_fonts=&#8220;yes&#8220; hover_title=&#8220;Beratung&#8220; use_custom_fonts_primary_title=&#8220;true&#8220;]Pers\u00f6nliche und individuelle Beratung von Sch\u00fclern, Eltern und Lehrern.[\/vc_hoverbox][\/vc_column_inner][vc_column_inner width=&#8220;1\/3&#8243;][vc_hoverbox image=&#8220;249&#8243; primary_title=&#8220;Nachhilfe&#8220; primary_title_font_container=&#8220;color:%23ffffff&#8220; primary_title_use_theme_fonts=&#8220;yes&#8220; hover_title=&#8220;Nachhilfe&#8220; use_custom_fonts_primary_title=&#8220;true&#8220;]Gezielte Nachhilfe mit p\u00e4dagogisch &#8211; psychologischer Unterst\u00fctzung aller Lernprozesse.[\/vc_hoverbox][\/vc_column_inner][vc_column_inner width=&#8220;1\/3&#8243;][vc_hoverbox image=&#8220;251&#8243; primary_title=&#8220;Strategie&#8220; primary_title_font_container=&#8220;color:%23ffffff&#8220; primary_title_use_theme_fonts=&#8220;yes&#8220; hover_title=&#8220;Strategie&#8220; use_custom_fonts_primary_title=&#8220;true&#8220;]Angebot von Handlungsstrategien zur L\u00f6sung von Schulkonflikten im System.[\/vc_hoverbox][\/vc_column_inner][\/vc_row_inner][\/vc_column][\/vc_row][vc_row full_width=&#8220;stretch_row&#8220; parallax=&#8220;content-moving&#8220; parallax_image=&#8220;200&#8243; css=&#8220;.vc_custom_1698341837037{margin-top: 32px !important;border-bottom-width: 64px !important;padding-top: 64px !important;}&#8220;][vc_column][vc_column_text el_class=&#8220;off-white&#8220;]<\/p>\n<p style=\"text-align: center;\">&#8222;LERNEN IST DAS SPIEL, DAS IM LEBEN AM MEISTEN SPASS MACHT&#8220;<br \/>\n(Claudia Monnet)<\/p>\n<p>[\/vc_column_text][vc_column_text el_class=&#8220;off-white&#8220;]<\/p>\n<p style=\"text-align: center;\">vor allem dann, wenn man begreift, dass man sich auf der Lernreise des Leben befindet, weil Schulwissen irgendwie immer auch Weltwissen ist und weil die Entgrenzung des noch nicht Gewu\u00dften\u00a0 Freiheit f\u00fcr die Zukunft bedeutet.<\/p>\n<p>[\/vc_column_text][vc_column_text el_class=&#8220;off-white&#8220;]<\/p>\n<p style=\"text-align: center;\">&#8222;Lernen\u00a0 muss unter die Haut gehen&#8220;<br \/>\n&#8211; Aspekte der Gehirnwissenschaften (Prof. Gerald H\u00fcther) &#8211;<\/p>\n<p>[\/vc_column_text][\/vc_column][\/vc_row][vc_row][vc_column][vc_column_text]Lernen ist in unseren Schulen heute\u00a0 immer\u00a0 noch gekennzeichnet durch hohen Leistungsdruck und vorwiegend kognitive Wissens &#8211; und Kompetenzvermittlung, obwohl gehirnwissenschaftliche Erkenntnisse schon seit vielen Jahren auf die fehlende Effektivit\u00e4t derartiger Lernprozesse hinweisen:<br \/>\nDurch zunehmende Angst und Unsicherheit auf Seiten des Sch\u00fclers befindet sich das Gehirn des Sch\u00fclers st\u00e4ndig in einem Zustand der \u00dcbererregung und verhindert den optimalen Lernprozess. Aus p\u00e4dagogischer Sicht blockieren\u00a0 Notendruck und Angst vor Strafe oder sozialer Ausgrenzung den Lernprozess und machen Sch\u00fcler abh\u00e4ngig, anstatt sie in ihrem selbstst\u00e4ndigen und eigenverantwortlichen Lernprozess zu unterst\u00fctzen. Das Gehirn funktioniert nicht wie eine Maschine, sondern Potenziale lassen sich nur entfalten, wenn[\/vc_column_text][vc_column_text]<\/p>\n<p style=\"text-align: left;\">&#8211; Lerninhalte und Arbeitsatmosph\u00e4re begeistern und der Sch\u00fcler emotional beteiligt ist,<br \/>\n&#8211; Lerninhalte mit bekannten Mustern vernetzt werden,<br \/>\n&#8211; die Lernatmosph\u00e4re von Empathie, Vertrauen, Verbundenheit und der Idee des Miteinander getragen wird und<br \/>\n&#8211; Gelassenheit und Freude die Arbeitsatmosph\u00e4re bestimmen.<\/p>\n<p>[\/vc_column_text][vc_column_text]Im Kontrast zu alten Lernkonzepten unterrichte ich daher in\u00a0 Anlehnung an die Vorstellung des &#8217;supportive leadership&#8216;. Ich lade meine Sch\u00fcler ein, ermutige und inspiriere sie zu anderen Sichtweisen und zu einer Ver\u00e4nderung ihrer Situation. Wer an sich selber wachsen kann und darf, entwickelt neben Leistungsst\u00e4rke auch eine Geisteshaltung und eine Pers\u00f6nlichkeit, die ihre Potentiale f\u00fcr die eigene Zukunft nutzen kann. Wie kann man den begabten Sch\u00fcler besser auf seine Zukunft vorbereiten?[\/vc_column_text][\/vc_column][\/vc_row][vc_row full_width=&#8220;stretch_row&#8220; parallax=&#8220;content-moving&#8220; parallax_image=&#8220;224&#8243;][vc_column][vc_column_text css=&#8220;.vc_custom_1698341670129{margin-top: 64px !important;margin-bottom: 64px !important;}&#8220; el_class=&#8220;off-white&#8220;]<\/p>\n<p style=\"text-align: center;\">Lernen mit Kopf, Herz und Hand<br \/>\n&#8211; Ganzheitlichkeit als Lernprinzip &#8211;<\/p>\n<p>[\/vc_column_text][\/vc_column][\/vc_row][vc_row][vc_column width=&#8220;2\/3&#8243;][vc_column_text]Kontaktieren Sie mich gerne und lassen Sie sich von mir ein Angebot machen:[\/vc_column_text][\/vc_column][vc_column width=&#8220;1\/3&#8243;][vc_btn title=&#8220;Kontakt&#8220; color=&#8220;warning&#8220; link=&#8220;url:https%3A%2F%2Fnachhilfe-villawissen.de%2F%3Fpage_id%3D166|title:Kontakt||&#8220;][\/vc_column][\/vc_row]<\/p>\n","protected":false},"excerpt":{"rendered":"<p>[vc_row][vc_column][\/vc_column][\/vc_row][vc_row][vc_column][vc_column_text] In unserer Gesellschaft wachsen die schulischen und beruflichen Anforderungen an den Einzelnen st\u00e4ndig. Gleichzeitig verschlechtern sich die Perspektiven auf eine der Qualifikation entsprechende Arbeit. Aufgrund politischer Vorentscheidungen wird immer noch zu wenig in die Bildung investiert. Die wirtschaftliche Situation in unserem Land f\u00f6rdert das gro\u00dfe Bed\u00fcrfnis vieler Eltern, ihren Kindern den best m\u00f6glichen Schulabschluss [&hellip;]<\/p>\n","protected":false},"author":1,"featured_media":0,"parent":0,"menu_order":0,"comment_status":"closed","ping_status":"closed","template":"","meta":{"footnotes":""},"_links":{"self":[{"href":"https:\/\/nachhilfe-villawissen.de\/index.php?rest_route=\/wp\/v2\/pages\/164"}],"collection":[{"href":"https:\/\/nachhilfe-villawissen.de\/index.php?rest_route=\/wp\/v2\/pages"}],"about":[{"href":"https:\/\/nachhilfe-villawissen.de\/index.php?rest_route=\/wp\/v2\/types\/page"}],"author":[{"embeddable":true,"href":"https:\/\/nachhilfe-villawissen.de\/index.php?rest_route=\/wp\/v2\/users\/1"}],"replies":[{"embeddable":true,"href":"https:\/\/nachhilfe-villawissen.de\/index.php?rest_route=%2Fwp%2Fv2%2Fcomments&post=164"}],"version-history":[{"count":48,"href":"https:\/\/nachhilfe-villawissen.de\/index.php?rest_route=\/wp\/v2\/pages\/164\/revisions"}],"predecessor-version":[{"id":304,"href":"https:\/\/nachhilfe-villawissen.de\/index.php?rest_route=\/wp\/v2\/pages\/164\/revisions\/304"}],"wp:attachment":[{"href":"https:\/\/nachhilfe-villawissen.de\/index.php?rest_route=%2Fwp%2Fv2%2Fmedia&parent=164"}],"curies":[{"name":"wp","href":"https:\/\/api.w.org\/{rel}","templated":true}]}}